[INFO] cloning repository https://github.com/Ruin0x11/infinigen-rs
[INFO] running `Command { std: "git" "-c" "credential.helper=" "-c" "credential.helper=/workspace/cargo-home/bin/git-credential-null" "clone" "--bare" "https://github.com/Ruin0x11/infinigen-rs" "/workspace/cache/git-repos/https%3A%2F%2Fgithub.com%2FRuin0x11%2Finfinigen-rs", kill_on_drop: false }`
[INFO] [stderr] Cloning into bare repository '/workspace/cache/git-repos/https%3A%2F%2Fgithub.com%2FRuin0x11%2Finfinigen-rs'...
[INFO] running `Command { std: "git" "rev-parse" "HEAD", kill_on_drop: false }`
[INFO] [stdout] 9a1536d3f10ee7d1d387fc01552f639c0937e58e
[INFO] building Ruin0x11/infinigen-rs against master#ff34b919075f35a1787659e9c448a34b06bab8de for issue-85264
[INFO] running `Command { std: "git" "clone" "/workspace/cache/git-repos/https%3A%2F%2Fgithub.com%2FRuin0x11%2Finfinigen-rs" "/workspace/builds/worker-10/source", kill_on_drop: false }`
[INFO] [stderr] Cloning into '/workspace/builds/worker-10/source'...
[INFO] [stderr] done.
[INFO] validating manifest of git repo https://github.com/Ruin0x11/infinigen-rs on toolchain ff34b919075f35a1787659e9c448a34b06bab8de
[INFO] running `Command { std: "/workspace/cargo-home/bin/cargo" "+ff34b919075f35a1787659e9c448a34b06bab8de" "metadata" "--manifest-path" "Cargo.toml" "--no-deps", kill_on_drop: false }`
[INFO] started tweaking git repo https://github.com/Ruin0x11/infinigen-rs
[INFO] finished tweaking git repo https://github.com/Ruin0x11/infinigen-rs
[INFO] tweaked toml for git repo https://github.com/Ruin0x11/infinigen-rs written to /workspace/builds/worker-10/source/Cargo.toml
[INFO] crate git repo https://github.com/Ruin0x11/infinigen-rs already has a lockfile, it will not be regenerated
[INFO] running `Command { std: "/workspace/cargo-home/bin/cargo" "+ff34b919075f35a1787659e9c448a34b06bab8de" "fetch" "--manifest-path" "Cargo.toml", kill_on_drop: false }`
[INFO] [stderr]     Blocking waiting for file lock on package cache
[INFO] running `Command { std: "docker" "create" "-v" "/var/lib/crater-agent-workspace/builds/worker-10/target:/opt/rustwide/target:rw,Z" "-v" "/var/lib/crater-agent-workspace/builds/worker-10/source:/opt/rustwide/workdir:ro,Z" "-v" "/var/lib/crater-agent-workspace/cargo-home:/opt/rustwide/cargo-home:ro,Z" "-v" "/var/lib/crater-agent-workspace/rustup-home:/opt/rustwide/rustup-home:ro,Z" "-e" "SOURCE_DIR=/opt/rustwide/workdir" "-e" "CARGO_TARGET_DIR=/opt/rustwide/target" "-e" "CARGO_HOME=/opt/rustwide/cargo-home" "-e" "RUSTUP_HOME=/opt/rustwide/rustup-home" "-w" "/opt/rustwide/workdir" "-m" "1610612736" "--user" "0:0" "--network" "none" "ghcr.io/rust-lang/crates-build-env/linux@sha256:20528e8c29e4536546f0102ce88568b16ea7538393a33fcca951030f7af10457" "/opt/rustwide/cargo-home/bin/cargo" "+ff34b919075f35a1787659e9c448a34b06bab8de" "metadata" "--no-deps" "--format-version=1", kill_on_drop: false }`
[INFO] [stdout] cc43bb5631a6d2b5d3d7552469d058ce7f3aa2cc139b4959dba80c4eac026347
[INFO] [stderr] WARNING: Your kernel does not support swap limit capabilities or the cgroup is not mounted. Memory limited without swap.
[INFO] running `Command { std: "docker" "start" "-a" "cc43bb5631a6d2b5d3d7552469d058ce7f3aa2cc139b4959dba80c4eac026347", kill_on_drop: false }`
[INFO] running `Command { std: "docker" "inspect" "cc43bb5631a6d2b5d3d7552469d058ce7f3aa2cc139b4959dba80c4eac026347", kill_on_drop: false }`
[INFO] running `Command { std: "docker" "rm" "-f" "cc43bb5631a6d2b5d3d7552469d058ce7f3aa2cc139b4959dba80c4eac026347", kill_on_drop: false }`
[INFO] [stdout] cc43bb5631a6d2b5d3d7552469d058ce7f3aa2cc139b4959dba80c4eac026347
[INFO] running `Command { std: "docker" "create" "-v" "/var/lib/crater-agent-workspace/builds/worker-10/target:/opt/rustwide/target:rw,Z" "-v" "/var/lib/crater-agent-workspace/builds/worker-10/source:/opt/rustwide/workdir:ro,Z" "-v" "/var/lib/crater-agent-workspace/cargo-home:/opt/rustwide/cargo-home:ro,Z" "-v" "/var/lib/crater-agent-workspace/rustup-home:/opt/rustwide/rustup-home:ro,Z" "-e" "SOURCE_DIR=/opt/rustwide/workdir" "-e" "CARGO_TARGET_DIR=/opt/rustwide/target" "-e" "CARGO_INCREMENTAL=0" "-e" "RUST_BACKTRACE=full" "-e" "RUSTFLAGS=--cap-lints=forbid" "-e" "CARGO_HOME=/opt/rustwide/cargo-home" "-e" "RUSTUP_HOME=/opt/rustwide/rustup-home" "-w" "/opt/rustwide/workdir" "-m" "1610612736" "--user" "0:0" "--network" "none" "ghcr.io/rust-lang/crates-build-env/linux@sha256:20528e8c29e4536546f0102ce88568b16ea7538393a33fcca951030f7af10457" "/opt/rustwide/cargo-home/bin/cargo" "+ff34b919075f35a1787659e9c448a34b06bab8de" "build" "--frozen" "--message-format=json", kill_on_drop: false }`
[INFO] [stdout] 2a74b648b2f833537a5f5e99325ed4944ec088a3330efcb20a9cc09fe6a17750
[INFO] [stderr] WARNING: Your kernel does not support swap limit capabilities or the cgroup is not mounted. Memory limited without swap.
[INFO] running `Command { std: "docker" "start" "-a" "2a74b648b2f833537a5f5e99325ed4944ec088a3330efcb20a9cc09fe6a17750", kill_on_drop: false }`
[INFO] [stderr]    Compiling gcc v0.3.51
[INFO] [stderr]    Compiling libc v0.2.23
[INFO] [stderr]    Compiling unicode-xid v0.0.4
[INFO] [stderr]    Compiling quote v0.3.15
[INFO] [stderr]    Compiling serde v1.0.8
[INFO] [stderr]    Compiling byteorder v1.0.0
[INFO] [stderr]    Compiling serde v0.9.15
[INFO] [stderr]    Compiling synom v0.11.3
[INFO] [stderr]    Compiling syn v0.11.11
[INFO] [stderr]    Compiling rand v0.3.15
[INFO] [stderr]    Compiling miniz-sys v0.1.9
[INFO] [stderr]    Compiling ncurses v5.85.0
[INFO] [stderr]    Compiling noise v0.4.1
[INFO] [stderr]    Compiling serde_derive_internals v0.15.1
[INFO] [stderr]    Compiling serde_codegen_internals v0.14.2
[INFO] [stderr]    Compiling flate2 v0.2.19
[INFO] [stderr]    Compiling pancurses v0.8.0
[INFO] [stderr]    Compiling serde_derive v0.9.15
[INFO] [stderr]    Compiling serde_derive v1.0.8
[INFO] [stderr]    Compiling bincode v0.8.0
[INFO] [stderr]    Compiling infinigen v0.1.1 (/opt/rustwide/workdir/lib)
[INFO] [stdout] warning: unnecessary parentheses around block return value
[INFO] [stdout]    --> lib/src/managed_region.rs:103:13
[INFO] [stdout]     |
[INFO] [stdout] 103 |             (q / d)
[INFO] [stdout]     |             ^^^^^^^ help: remove these parentheses
[INFO] [stdout]     |
[INFO] [stdout]     = note: `#[warn(unused_parens)]` on by default
[INFO] [stdout] 
[INFO] [stdout] 
[INFO] [stdout] warning: the feature `associated_consts` has been stable since 1.20.0 and no longer requires an attribute to enable
[INFO] [stdout]  --> lib/src/lib.rs:1:12
[INFO] [stdout]   |
[INFO] [stdout] 1 | #![feature(associated_consts)]
[INFO] [stdout]   |            ^^^^^^^^^^^^^^^^^
[INFO] [stdout]   |
[INFO] [stdout]   = note: `#[warn(stable_features)]` on by default
[INFO] [stdout] 
[INFO] [stdout] 
[INFO] [stdout] warning: 2 warnings emitted
[INFO] [stdout] 
[INFO] [stdout] 
[INFO] [stderr]    Compiling infinigen-example v0.0.0 (/opt/rustwide/workdir/example)
[INFO] [stdout] error[E0407]: method `update_chunks` is not a member of trait `ChunkedWorld`
[INFO] [stdout]    --> example/src/world.rs:296:5
[INFO] [stdout]     |
[INFO] [stdout] 296 | /     fn update_chunks(&mut self) -> Result<(), SerialError>{
[INFO] [stdout] 297 | |         let mut relevant: HashSet<ChunkIndex> = HashSet::new();
[INFO] [stdout] 298 | |         let center = ChunkIndex::from_world_pos(self.observer);
[INFO] [stdout] 299 | |         relevant.insert(center);
[INFO] [stdout] ...   |
[INFO] [stdout] 330 | |         Ok(())
[INFO] [stdout] 331 | |     }
[INFO] [stdout]     | |_____^ not a member of trait `ChunkedWorld`
[INFO] [stdout] 
[INFO] [stdout] 
[INFO] [stdout] warning: unnecessary parentheses around function argument
[INFO] [stdout]   --> example/src/canvas.rs:35:30
[INFO] [stdout]    |
[INFO] [stdout] 35 |         pancurses::ColorPair((*self as u8))
[INFO] [stdout]    |                              ^^^^^^^^^^^^^ help: remove these parentheses
[INFO] [stdout]    |
[INFO] [stdout]    = note: `#[warn(unused_parens)]` on by default
[INFO] [stdout] 
[INFO] [stdout] 
[INFO] [stdout] error[E0277]: the trait bound `for<'de> chunk::SerialChunk: serde::de::Deserialize<'de>` is not satisfied
[INFO] [stdout]    --> example/src/chunk.rs:186:6
[INFO] [stdout]     |
[INFO] [stdout] 186 | impl ManagedChunk for SerialChunk {
[INFO] [stdout]     |      ^^^^^^^^^^^^ the trait `for<'de> serde::de::Deserialize<'de>` is not implemented for `chunk::SerialChunk`
[INFO] [stdout]     | 
[INFO] [stdout]    ::: /opt/rustwide/workdir/lib/src/traits.rs:16:37
[INFO] [stdout]     |
[INFO] [stdout] 16  | pub trait ManagedChunk: Serialize + DeserializeOwned {
[INFO] [stdout]     |                                     ---------------- required by this bound in `ManagedChunk`
[INFO] [stdout] 
[INFO] [stdout] 
[INFO] [stdout] error[E0277]: the trait bound `chunk::SerialChunk: serde::ser::Serialize` is not satisfied
[INFO] [stdout]    --> example/src/chunk.rs:186:6
[INFO] [stdout]     |
[INFO] [stdout] 186 | impl ManagedChunk for SerialChunk {
[INFO] [stdout]     |      ^^^^^^^^^^^^ the trait `serde::ser::Serialize` is not implemented for `chunk::SerialChunk`
[INFO] [stdout]     | 
[INFO] [stdout]    ::: /opt/rustwide/workdir/lib/src/traits.rs:16:25
[INFO] [stdout]     |
[INFO] [stdout] 16  | pub trait ManagedChunk: Serialize + DeserializeOwned {
[INFO] [stdout]     |                         --------- required by this bound in `ManagedChunk`
[INFO] [stdout] 
[INFO] [stdout] 
[INFO] [stdout] error[E0277]: the trait bound `for<'de> chunk::SerialChunk: serde::de::Deserialize<'de>` is not satisfied
[INFO] [stdout]   --> example/src/world.rs:36:10
[INFO] [stdout]    |
[INFO] [stdout] 36 | impl<'a> RegionManager<'a, ChunkIndex, SerialChunk> for Terrain
[INFO] [stdout]    |          ^^^^^^^^^^^^^^^^^^^^^^^^^^^^^^^^^^^^^^^^^^ the trait `for<'de> serde::de::Deserialize<'de>` is not implemented for `chunk::SerialChunk`
[INFO] [stdout]    | 
[INFO] [stdout]   ::: /opt/rustwide/workdir/lib/src/traits.rs:29:14
[INFO] [stdout]    |
[INFO] [stdout] 29 |           C: ManagedChunk,
[INFO] [stdout]    |              ------------ required by this bound in `infinigen::RegionManager`
[INFO] [stdout] 
[INFO] [stdout] 
[INFO] [stdout] error[E0277]: the trait bound `chunk::SerialChunk: serde::ser::Serialize` is not satisfied
[INFO] [stdout]   --> example/src/world.rs:36:10
[INFO] [stdout]    |
[INFO] [stdout] 36 | impl<'a> RegionManager<'a, ChunkIndex, SerialChunk> for Terrain
[INFO] [stdout]    |          ^^^^^^^^^^^^^^^^^^^^^^^^^^^^^^^^^^^^^^^^^^ the trait `serde::ser::Serialize` is not implemented for `chunk::SerialChunk`
[INFO] [stdout]    | 
[INFO] [stdout]   ::: /opt/rustwide/workdir/lib/src/traits.rs:29:14
[INFO] [stdout]    |
[INFO] [stdout] 29 |           C: ManagedChunk,
[INFO] [stdout]    |              ------------ required by this bound in `infinigen::RegionManager`
[INFO] [stdout] 
[INFO] [stdout] 
[INFO] [stdout] error[E0277]: the trait bound `for<'de> chunk::SerialChunk: serde::de::Deserialize<'de>` is not satisfied
[INFO] [stdout]    --> example/src/world.rs:231:10
[INFO] [stdout]     |
[INFO] [stdout] 231 | impl<'a> ChunkedTerrain<'a, ChunkIndex, SerialChunk, Terrain> for World {
[INFO] [stdout]     |          ^^^^^^^^^^^^^^^^^^^^^^^^^^^^^^^^^^^^^^^^^^^^^^^^^^^^ the trait `for<'de> serde::de::Deserialize<'de>` is not implemented for `chunk::SerialChunk`
[INFO] [stdout]     | 
[INFO] [stdout]    ::: /opt/rustwide/workdir/lib/src/traits.rs:68:14
[INFO] [stdout]     |
[INFO] [stdout] 68  |           C: ManagedChunk,
[INFO] [stdout]     |              ------------ required by this bound in `infinigen::ChunkedTerrain`
[INFO] [stdout] 
[INFO] [stdout] 
[INFO] [stdout] error[E0277]: the trait bound `chunk::SerialChunk: serde::ser::Serialize` is not satisfied
[INFO] [stdout]    --> example/src/world.rs:231:10
[INFO] [stdout]     |
[INFO] [stdout] 231 | impl<'a> ChunkedTerrain<'a, ChunkIndex, SerialChunk, Terrain> for World {
[INFO] [stdout]     |          ^^^^^^^^^^^^^^^^^^^^^^^^^^^^^^^^^^^^^^^^^^^^^^^^^^^^ the trait `serde::ser::Serialize` is not implemented for `chunk::SerialChunk`
[INFO] [stdout]     | 
[INFO] [stdout]    ::: /opt/rustwide/workdir/lib/src/traits.rs:68:14
[INFO] [stdout]     |
[INFO] [stdout] 68  |           C: ManagedChunk,
[INFO] [stdout]     |              ------------ required by this bound in `infinigen::ChunkedTerrain`
[INFO] [stdout] 
[INFO] [stdout] 
[INFO] [stdout] error[E0277]: the trait bound `for<'de> chunk::SerialChunk: serde::de::Deserialize<'de>` is not satisfied
[INFO] [stdout]    --> example/src/world.rs:249:10
[INFO] [stdout]     |
[INFO] [stdout] 249 | impl<'a> ChunkedWorld<'a, ChunkIndex, SerialChunk, Terrain, World> for World
[INFO] [stdout]     |          ^^^^^^^^^^^^^^^^^^^^^^^^^^^^^^^^^^^^^^^^^^^^^^^^^^^^^^^^^ the trait `for<'de> serde::de::Deserialize<'de>` is not implemented for `chunk::SerialChunk`
[INFO] [stdout]     | 
[INFO] [stdout]    ::: /opt/rustwide/workdir/lib/src/traits.rs:80:14
[INFO] [stdout]     |
[INFO] [stdout] 80  |           C: ManagedChunk,
[INFO] [stdout]     |              ------------ required by this bound in `infinigen::ChunkedWorld`
[INFO] [stdout] 
[INFO] [stdout] 
[INFO] [stdout] error[E0277]: the trait bound `chunk::SerialChunk: serde::ser::Serialize` is not satisfied
[INFO] [stdout]    --> example/src/world.rs:249:10
[INFO] [stdout]     |
[INFO] [stdout] 249 | impl<'a> ChunkedWorld<'a, ChunkIndex, SerialChunk, Terrain, World> for World
[INFO] [stdout]     |          ^^^^^^^^^^^^^^^^^^^^^^^^^^^^^^^^^^^^^^^^^^^^^^^^^^^^^^^^^ the trait `serde::ser::Serialize` is not implemented for `chunk::SerialChunk`
[INFO] [stdout]     | 
[INFO] [stdout]    ::: /opt/rustwide/workdir/lib/src/traits.rs:80:14
[INFO] [stdout]     |
[INFO] [stdout] 80  |           C: ManagedChunk,
[INFO] [stdout]     |              ------------ required by this bound in `infinigen::ChunkedWorld`
[INFO] [stdout] 
[INFO] [stdout] 
[INFO] [stdout] error: aborting due to 9 previous errors; 1 warning emitted
[INFO] [stdout] 
[INFO] [stdout] 
[INFO] [stdout] Some errors have detailed explanations: E0277, E0407.
[INFO] [stdout] 
[INFO] [stdout] For more information about an error, try `rustc --explain E0277`.
[INFO] [stdout] 
[INFO] [stderr] error: could not compile `infinigen-example`
[INFO] [stderr] 
[INFO] [stderr] To learn more, run the command again with --verbose.
[INFO] running `Command { std: "docker" "inspect" "2a74b648b2f833537a5f5e99325ed4944ec088a3330efcb20a9cc09fe6a17750", kill_on_drop: false }`
[INFO] running `Command { std: "docker" "rm" "-f" "2a74b648b2f833537a5f5e99325ed4944ec088a3330efcb20a9cc09fe6a17750", kill_on_drop: false }`
[INFO] [stdout] 2a74b648b2f833537a5f5e99325ed4944ec088a3330efcb20a9cc09fe6a17750
